 -10 + (-105 + 93 - (-1 - 8)) - 15?
-28
What is (-30 + 2 - (6 - -11)) + 18 + -1?
-28
-44 - -53 - (1 + 62)
-54
What is the value of 1 - (1 - 5) - (16308 - 16326)?
23
Calculate -1 - (31 - (-21 - -33)).
-20
Calculate (26 + -18 - (-6 - -5 - 24)) + -13.
20
(-7 - (2 + -2)) + 5 + 107 + -147
-42
(-22 - 32) + 65 - (4 - 7)
14
What is the value of -21 - (-26 - 35 - -38)?
2
46 - (-2 - (-9 + 6 + 0))
45
Calculate -4 + 13 + -25 + (9 - -25).
18
What is -47 - 7 - ((-3 - 2) + 4)?
-53
Evaluate -4 - (1 + 2) - (0 - 29 - (38 - 81)).
-21
Calculate -3 + 21 + (-1 - (21 - -7)) + 18.
7
What is the value of 52 + (235 - 233 - (-2 - -5))?
51
What is the value of (29 - 0 - (199 - 179)) + 35?
44
Calculate -318 + 205 - -123 - (-2 + -7 + 2 - 1).
18
Evaluate 2 + -7 + -47 - (-6 - (18 + -13 + -2)).
-43
1 + -30 + (1007 - 1016) + -4 + 1
-41
Evaluate -162 + 58 + -49 - -108.
-45
Calculate (-125 - -186) + (-108 - -4).
-43
What is the value of 9 - (1 + 1) - (-97 + 95) - 17?
-8
(-25 - 23) + 14 + 5 + -6 - -2
-33
Evaluate 13 - (-18 + (-1 - (30 + -74))).
-12
5 - (160 - -5) - (711 + -751)
-120
What is the value of -11 - (0 - -4) - -13 - (2 - 20) - 11?
5
What is the value of 77 + (38 - 145 - -23)?
-7
Calculate -22 - -13 - ((118 - 110) + (2 + -83 - 3)).
67
Calculate -66 - (19 + -3 - 14 - (0 + -10)) - 3.
-81
What is -136 + (191 - 61) + -3?
-9
Calculate (3 - (26 + -3)) + (152 - (-29 + 27)).
134
What is -20 + -3 + 40 + 12?
29
(69845 - 69932) + (1 - (1 + 1))
-88
Evaluate (-9 - (12 + -18 - (-2 + 2))) + 38 + -21.
14
Calculate (19 - ((-4 - -25) + -40)) + (-2 - 1).
35
Evaluate 6 + (-12 - -8 - 4 - -13) - 37 - -15.
-11
What is the value of 29 - (87 - 7 - (0 - -5))?
-46
Calculate (1018 - 978) + -41 + 0 + -1 + 89 + 2.
89
What is (0 - (0 + -3 + -90 + 73) - 10) + -4?
6
(155 - (-39 + 52)) + -65
77
Evaluate 56 - (2077 - 2075 - (-14 + 0 + 0)).
40
-11 + -77 + 53 + -1
-36
What is -6 + (4 - -92 - 54)?
36
Evaluate (40 - (-26 + 93)) + 28.
1
8 - ((0 + (1 - 1) - 2) + (30 - 11))
-9
10 + -14 + -67 + 43
-28
What is the value of -1 + (-39 - (-13 - 1)) - (-4 - -14)?
-36
(-205 - (26 - 82)) + 151
2
15 + (-35 - (55 - 46)) + 38
9
Calculate 0 + 33 + -83 - (-1 + -20).
-29
Calculate -1377 + 1451 + (-99 - -4).
-21
Evaluate (1 - 7) + 28 + (2 - 26) - -54 - 2.
50
What is -158 + 157 + (2 - (10 + 0)) - (20 + -7)?
-22
Calculate -26 - (40 + -32 + -1 + 0).
-33
-67 + 79 - (-39 + -12 + 0 + 0 + -6)
69
What is 8 + 28 + (-69 - -2)?
-31
What is the value of (-1 - -10) + (11 - ((27 - 52) + (1 - -8)))?
36
Calculate (1 - 6 - -1) + 34 + 34 + -7.
57
Evaluate -5009 - -5158 - (34 - -4).
111
Calculate 127 - 128 - (38 + 23).
-62
Calculate 9 + 103 + -32 + -40.
40
-703 + 642 - (1 + -3 + -9)
-50
(-70 + 56 - (-10 - -3 - -2)) + (-4 - 7)
-20
Calculate -7376 - -7391 - ((2 - 1) + 17).
-3
(500 + -513 - (0 + 0 + 72)) + 17
-68
What is -5 - (24 + 22 + -33) - 12?
-30
What is 0 + -2 - 15 - (-155 + -85 + 253)?
-30
-10 + 6 + -16 + 2 + 1 + -1 + 4
-14
What is 84 + (-52 - (-2 - 11))?
45
Calculate 22 + (4 - 2) - (-365 - (-509 - -8)).
-112
-52 + 97 + -11 + -11
23
Calculate (-3 - -5) + (-7 - (-7 + 11)) + (0 - -2).
-7
Evaluate (15 - (2 + 1)) + -62 + 35 + -11 + 5.
-21
What is the value of -41 + 39 + (11 - -4) + 3?
16
(21 + -47 - -24) + 38 + (-2 - 5 - -5)
34
Calculate (-369 - -319) + 137 + 6 + 6.
99
What is -15 - 92 - 1 - ((5 - 22) + 6)?
-97
What is the value of 12 + (82 - 13 - 62)?
19
What is -7 + (-6 - -6) + 48 + (-85 - -96)?
52
Evaluate 0 + 28 - (211 - (325 - 74)).
68
Calculate -9 + ((10 - (15 - -6)) + -2 - 36).
-58
What is the value of (-8 - 5) + -232 + 202?
-43
What is the value of (953 - 927) + -37 + 2?
-9
(-89 - -90) + 23 + 6 + 2
32
Evaluate 55 - 73 - (-7 - (-3 - (4 + -4))).
-14
What is the value of -27 - (18 - (-2 + (2 + 5 - (2 + -6))))?
-36
What is 16 - (-1 - (-1 - (25 - 8)))?
-1
What is the value of (6 - (-21 - (23 - 54))) + 0 + -50?
-54
Evaluate 57 - (9 + 2 + 14 + -32 - (1 - 19)).
46
What is -3 + (-19 + 1 + (482 - 483) - -53)?
31
Evaluate ((-27 - -187) + -29 - 22) + -29.
80
What is 131 - (-1 - (-5 - (2 - 1 - (-83 + 82))))?
125
Calculate 0 + -25 - (-5 + -2 - (-3 + -1)).
-22
What is the value of -45 - -101 - (-39 + 77)?
18
What is 14 + -7 + -60 + 9?
-44
Evaluate -15 - (-10 - 7) - (61 + -6 + 4 - 9).
-48
-113 + 91 + -5 + 3 + -2
-26
What is -45 + -69 - -131 - 103?
-86
What is the value of ((12 - -19) + -5 - 23) + (-3 - -32)?
32
Evaluate 34 + -15 + 13 + -18 + -15 + 20.
19
What is 20 + -18 + -54 + 78 - (-114 + -1)?
141
(-15 - (-23 - (-24 + 22))) + (-1 - 33)
-28
Evaluate 33 - (1 + (-56 - -68) + 0 + -3).
23
What is the value of 19 - (89 + -156) - (2 + (1 - 3) - 14)?
100
17 - (36 - 16 - 6 - 19)
22
0 + -2 + -128 - (38 - (220 + -162))
-110
-114 + 82 + -39 - -81
10
Evaluate 63 + -28 + -18 + 1 + -2 + -23.
-7
What is (-3 - -44) + (-3876 - -3819)?
-16
What is the value of -1549 + 1514 - (-10 - (-2 - -4)) - (6 - -2)?
-31
-77 + (-69 - -28 - -82)
-36
What is the value of 25 + 0 + 1 + 55 + (23 - 57) + -25?
22
Evaluate -69 + 246 + 48 + -120.
105
Evaluate -10 + (3 + -24 - -23 - 34).
-42
What is the value of -1 + 1 + -20 + -7672 + 7594?
-98
Evaluate (0 - -5) + (11 - (-9 - (-4 - 9))).
12
Calculate (-63 - (-33 - 29)) + (0 - -38).
37
-8 - ((12 - (12 + 9 + -31 + 13)) + -11)
-6
Calculate (-11 - 24 - -47) + 2.
14
Evaluate 108 - (278 + -97) - (17 - 1).
-89
(-52 + 16 - -7) + -20 - 6
-55
Calculate -89 + (-7 - -6) + 48.
-42
76 + -3 - (561 - 511)
23
Calculate -105 - (229 + -113 - 166).
-55
What is the value of 36 + -6 + -19 - -35?
46
40 + -23 - (-25 - -10)
32
What is the value of -22 - ((-19 - (-17 - -4)) + 14)?
-30
What is the value of 103 + (69 - 69) + -106?
-3
Calculate -27 + 200 - (21 + 84).
68
Evaluate -97 - (-107 - (46 + -121)).
-65
-13 - ((13 - 14) + -7 + 22)
-27
Evaluate 6 + (8 - 1 - (-52 - -69)) + 72 + 1.
69
Calculate -2 + -102 - (-2132 + 2044).
-16
What is 13 + -94 + 1 + (-154 + 158 - (-8 - -1))?
-69
What is the value of -1 + -13 + (50 - -43) + -27?
52
What is the value of -2 - 1 - (47 - (34 + -10)) - -4?
-22
What is -18 + (2 - 26 - (-187 + 50 + -43))?
138
95 - (-2 + 8 + -19 - -35)
73
What is -6 - (-6 - (-53 - -29) - -11)?
-35
Evaluate (-14 + 7 - 53) + -18 + -2 + 26.
-54
52 - 40 - (-6 + -1 + 2 - (7 + 34))
58
What is the value of 16 - (-17 + -14 + 38 - 30)?
39
(5 - -4) + -2 - (-21 + 18) - 31
-21
What is the value of 4 + 4 + 6 + -17 - (11 - -28)?
-42
Calculate (1 - (2 + 13) - -8) + -9 + 16 - 35.
-34
Evaluate -2 + (-5 - -11) - (40 - (31 + -33)).
-38
What is (-51 - (-1 + 29)) + 42?
-37
Evaluate (7 - (-6 + 16)) + (196 - 26) + -48.
119
Evaluate (-5 - 0 - -3) + 60 + (13 - (6 - -1)).
64
What is (-5 - (3 + 3) - -19) + (6 - 12)?
2
Evaluate -127 + (-52 - -98) + 63.
-18
404 + -469 - (1 - 43)
-23
Calculate 7 - (-17 - -33) - (-14 + (5 + -4 - 0)).
4
What is -29 + -59 + (155 - 2)?
65
Calculate (2 - (1 + (-1 - -1))) + 48 + -50.
-1
What is -281 - -248 - (13 - 51)?
5
Evaluate -10 - (34 - (78 + -47)).
-13
What is -24 + 7 + 23 + -22 + -10?
-26
What is the value of (113 - 35) + -5 + 29 - -2?
104
What is 44 + (7 - 4 - (-7 + 2 + 20))?
32
Calculate (-29 - (-14 + -34)) + -17.
2
What is 4 + ((0 - 1) + 36 + -30 - 45) + -1?
-37
Calculate -5 - -65 - (12 - (7 - (5 + (2 - 4)))).
52
Evaluate -86 - (-222 + 106) - 13.
17
-647 + 693 - (27 + 1)
18
What is 0 - (-11 + (-39 - 11) + 1 + 19)?
41
Calculate -48 + (30 + -18 + (-4 - 0) - (7 + -3)).
-44
Calculate (-25 + 22 + -11 - 1) + (36 - 63).
-42
Evaluate -50 + 28 + -54 + 41 + -1.
-36
What is the value of (41 - 2 - (433 + -431)) + -99?
-62
What is the value of -2119 + 2081 - (-11 + 0)?
-27
What is the value of -12 + (90 - (12 + -23 + 24)) + 13?
78
-6 - ((-3 - 2) + 18 - (-9 + 2))
-26
5 + -23 + 15 + -49 + 73
21
Evaluate (51 - 26 - -12) + (5 + 0 - -10).
52
What is the value of 20 + 7 + -19 + (59 - 113)?
-46
What is the value of (60 - -7) + 56 + -69 + 0?
54
What is the value of -54 + (-7 - (-28 - (22 + -42))) + 13?
-40
-5 - (-46 - (-19 - 51))
-29
What is -28 + 0 - ((503 - 514) + 28 + -1)?
-44
What is the value of 2 - (50 + 20 - 15)?
-53
What is (-1 - 8 - ((153 - 153) + (0 - 16))) + -14?
-7
Evaluate 26 + -9 + (-4 - -2 - 9).
6
Evaluate -60 - (-88 + -85 + 97).
16
73 - ((-1 - 24) + (-79 - -22) + 66)
89
What is the value of -6 - (1 + -2 - -3) - (90 + -113)?
15
Evaluate (2 - 9) + 1 - (-84 - (2 + -9 - 10)).
61
What is the value of (0 - 75 - (-2089 + 1998)) + (1 - -4)?
21
Calculate (1 - 